*b + 1 + 4. List the prime factors of w(-2).
71
Suppose -b + 85 = -0*b. Let i(c) = 35*c**2 - c - 1. Let s be i(-2). Let n = s - b. What are the prime factors of n?
2, 7
Suppose -33*o + 29*o + 32 = 0. What are the prime factors of 3 + o/(-48) + 20750/12?
2, 433
Let x(l) be the first derivative of -l**4/4 - 10*l**3 + 29*l**2/2 + 17*l - 84. List the prime factors of x(-31).
79
Suppose -301*b + 26304460 = 63*b. List the prime factors of b.
5, 97, 149
Let d = 32599 + 24. What are the prime factors of d?
17, 19, 101
Suppose -285 = -5*w + 3*c - 0*c, 3*w - 147 = -3*c. Suppose -50*l - 1076 = -w*l. What are the prime factors of l?
269
Suppose -3*f + 8661 - 157 = -5950. List the prime factors of f.
2, 3, 11, 73
Suppose 39*z = 11*z. Suppose z = -k - 3*f + 476 + 412, -4*k - 5*f + 3587 = 0. List the prime factors of k.
3, 7, 43
List the prime factors of (-15436280)/(-536) - (-70)/(-2345).
31, 929
Let z = 25024 + -12757. List the prime factors of z.
3, 29, 47
Suppose -44*p + 37*p - 20363 = 0. List the prime factors of p/(-6) - 13/(-5 + -73).
5, 97
Suppose -256*p + 1586580 + 1100193 - 555573 = 0. What are the prime factors of p?
3, 5, 37
Let u = 5160 - 2842. What are the prime factors of u?
2, 19, 61
Suppose 7*z - 3*z - 12 = 0. Suppose -4*n + z*q - 521 = 0, 5*q + 134 = -4*n - 363. List the prime factors of 1 - n/12*6.
5, 13
Let o be 0 + (-10)/(-4)*24/20. Suppose 860 = 4*n - o*r - 600, 3*n - 2*r - 1094 = 0. List the prime factors of n.
2, 181
Suppose -3*i + 4*j = -45, i + 3*j - 3 = -1. Let k(h) = -h**3 + 11*h**2 - h + 13. Let a be k(i). List the prime factors of (a/(-3))/(3/(-657)).
2, 73
Let a(w) = 10*w + 0*w - 2*w**3 - 2*w**2 + 14 - 16. Let z be a(-7). Suppose -9*b - z = -13*b. List the prime factors of b.
3, 43
Let b be (-2)/(-14) + (-6429150)/(-294). List the prime factors of b/42 + 4/(-6).
2, 5, 13
Let m = -2783 + 20811. List the prime factors of m.
2, 4507
Suppose 16*j = 8*j + 6600. Let r = 2351 - j. List the prime factors of r.
2, 7, 109
What are the prime factors of ((-1653)/(-38))/((-10015)/(-2500) - 4)?
2, 5, 29
Let j(t) be the second derivative of t**5/20 - 23*t**4/12 + t**3/6 + 5*t**2/2 + 8*t + 4. List the prime factors of j(23).
2, 7
Let c be 0/(1*-1 - -2). Let g(l) = -2*l**3 - l**2 - 3*l + 69. Let a be g(0). Suppose c = 5*h - a - 431. List the prime factors of h.
2, 5
Suppose 0 = -44*m + 84315 + 199969. List the prime factors of m.
7, 13, 71
Let t(y) be the third derivative of -59*y**6/60 - y**5/30 - y**4/24 + y**2 + 1. List the prime factors of t(-1).
3, 13
Let k = 4382 - -4413. What are the prime factors of k?
5, 1759
Let o(y) = -16*y - 14. Let x be o(7). Let a = 52 + x. Let f = 30 - a. What are the prime factors of f?
2, 13
Suppose -18*k - 30*k + 192 = 0. Suppose 412 = l + 2*j - 376, 0 = -k*l + 4*j + 3188. List the prime factors of l.
2, 397
Suppose -2*k - 21 - 26 = -5*p, 3*k = -3. Let h = 7 - p. What are the prime factors of -28*-3*h/(-3)?
2, 7
Let b = 101934 - 66943. What are the prime factors of b?
11, 3181
Let x be 2 + 0 + 17 + 0. Let j(l) = 32*l**2 - 9*l - 9*l**2 - 5*l - 12*l**2 - 25 - 10*l**2. What are the prime factors of j(x)?
2, 5, 7
Let q = 351 + -242. Suppose 101 = g - q. Suppose 0 = -15*n + 1425 - g. What are the prime factors of n?
3
Suppose -2*g + 2*t - 8 = 0, -2*t = -5*g + 7*g - 8. Suppose 0*a - 3*a + 2196 = g. List the prime factors of a.
2, 3, 61
Let l(s) = -862*s**3 + 20*s + 38. What are the prime factors of l(-2)?
2, 3, 383
Let q(a) = 9 - a**3 + 6 - 4*a**2 + 3*a**2 + 2*a**2. Suppose 9*u - 10*u = 0. List the prime factors of q(u).
3, 5
Let q(h) = 94*h**2 + 9*h - 413. What are the prime factors of q(-13)?
2, 11, 349
Let d = 1 + -3. Suppose 73*t + 57*t = 520. What are the prime factors of 4/d*2/t*-13?
13
Let y = 126 + -131. List the prime factors of (-2)/5 + (-19496)/200*y.
487
Let s(m) = -8 + 7 + 6*m - 19 + 26*m**2. List the prime factors of s(4).
2, 3, 5, 7
Let t(q) = -4*q**3 + 0 + q**3 + 17*q**2 + 2*q**3 + 13 - 7*q. Let w be t(15). Suppose w = 4*p - 46. List the prime factors of p.
101
Let r(w) = -w**3 + 10*w**2 - 3*w + 24. Let p be r(10). Let g(n) = -2*n**3 + 4*n**2 - 17*n - 4. List the prime factors of g(p).
2, 337
What are the prime factors of (-54006)/(-8)*(-84)/(-63) + -3?
2, 11, 409
Let s(p) = -25*p**3 + 2*p**2 - 9*p - 6. Let w be s(-4). Suppose -b - b = -2*n + 1108, -3*n - 2*b = -w. List the prime factors of n.
2, 277
Let n = 26898 + -19922. List the prime factors of n.
2, 109
What are the prime factors of (6 + -1 + 9045)/(16 + -14)?
5, 181
Let t be (30/25)/(-1*(-3)/40). Let k be 33*1 - (-1)/(8/t). Suppose -16*j = -9*j - k. What are the prime factors of j?
5
Let z(t) = -21*t**2 - 2*t + 1. Let s be z(2). Suppose -309*q = -284*q - 3650. Let j = q + s. List the prime factors of j.
59
Let u(p) be the second derivative of 1/2*p**3 + 0 + 10*p + 27/2*p**2. What are the prime factors of u(15)?
2, 3
Let m(o) = -5*o - 4. Suppose b + 4*i = 17 + 1, 5*b - 36 = -2*i. Suppose c - b*c = 35. List the prime factors of m(c).
31
Let l be 1/(26/(-4)) + 324450/650. Let d = l + 425. What are the prime factors of d?
2, 3, 7, 11
Suppose 0 = 11*a - 10*a - 12022. List the prime factors of a.
2, 6011
Suppose 4*m + 4*k - 30556 = 0, -k + 15276 = -2*m + 4*m. What are the prime factors of m?
7, 1091
Let f = 394 - 413. List the prime factors of (f/((-304)/(-288)))/(4/(-250)).
3, 5
Let w = -323 + 619. Suppose w = 2*j - 4*q, -458 = -3*j - 0*q - q. Let g = 226 - j. List the prime factors of g.
2, 37
Let y = 72198 - 37483. List the prime factors of y.
5, 53, 131
Suppose 2*z - 35*d = -33*d + 1218, -3*z + 2*d + 1825 = 0. What are the prime factors of z?
607
Let s(t) = 3*t**2 + 22*t - 79. Let o(i) = i**2 + 2. Let c(n) = 4*o(n) + s(n). What are the prime factors of c(-9)?
2, 149
Let v(r) = 182*r - 49. Let c be v(4). Let y = c + -477. List the prime factors of y.
2, 101
Let z be 34/10 + 51/85. Suppose -3*f + 2*x + 1846 - 244 = 0, z*x - 548 = -f. What are the prime factors of f?
2, 67
Let n(p) = 3*p + 74. Let y be n(-25). What are the prime factors of 6/4*(y + (439 - 4))?
3, 7, 31
Let p = 103 - 64. Let x = 46 - p. Suppose 0*a + 112 = x*a. List the prime factors of a.
2
Suppose 4*d = 5*n - 0*d - 233, -5*n - 4*d + 257 = 0. Suppose 0 = n*q - 32*q - 11441. What are the prime factors of q?
673
Suppose 0 = -q - 2*q - 2*b - 447, 2*q + 290 = -4*b. What are the prime factors of (1 - (0 - 4))*(-5 - q)?
2, 5, 73
What are the prime factors of (15 + -110)/((-55)/17996)?
2, 19, 409
Suppose -5*l + 38 + 2 = 0. Let z = -1116 + 1115. List the prime factors of (-52)/(-1*z*l/(-20)).
2, 5, 13
Let q = 35 - 38. Let d be (4 - 2)/(1 + q). List the prime factors of (4 + 18/(-6))/(d/(-113)).
113
Suppose -14*g = -22201 + 7529. What are the prime factors of g?
2, 131
Suppose -3*i - 3*o + 78360 = 0, -109*o + 110*o = 3*i - 78348. List the prime factors of i.
7, 13, 41
Suppose n = -19*k + 17*k - 219, 2*n = -3*k - 330. Let x(z) = 187*z - 1. Let c be x(1). Let j = k + c. List the prime factors of j.
2, 3, 13
Suppose 5 = 5*p - 5*b, -3*p + 4*b + 2 - 4 = 0. Let o be -1 + (p + 2 - 4). What are the prime factors of (-1)/(o*(-5)/525)?
5, 7
Suppose 11*j + 3837 - 1384 = 0. Let a = 93 - j. Suppose 5*i - a = 59. What are the prime factors of i?
3, 5
Let s(q) = 2*q + 643. Let d be s(0). Let k = d - 447. Suppose -5*a - 3*y + 243 = 0, 4*a + 4*y = -0*a + k. What are the prime factors of a?
2, 3
Let w(l) be the third derivative of -10*l**2 + l**5 + 1/3*l**3 + 0*l + 0 - 1/12*l**4. List the prime factors of w(1).
2, 3, 5
Let t(k) = k**2 + 9*k + 32. Let i be (-24)/(-2 + -4) - (1 - 12). List the prime factors of t(i).
2, 7
Suppose -21*g = -3*v - 26*g + 53933, 0 = -2*g - 10. What are the prime factors of v?
2, 17, 23
Suppose -6*f = -2*f + 4*l - 1656, 0 = 4*f - 3*l - 1684. Let w = f + -345. What are the prime factors of w?
73
Let m(u) = 12*u**3 - 9*u + 5. Let i be m(3). Let a = i + 433. What are the prime factors of a?
3, 5, 7
Suppose -3*o + 13 = 2*l, 0 = 5*l - 6*l - 5*o + 17. Let m(p) = -20*p + 3*p**2 - 13 - l*p**2 + 12 + 27. List the prime factors of m(19).
7
Let d = -5768 - -10633. What are the prime factors of d?
5, 7, 139
Let q(h) = -5*h - 18. Let m be q(-4). Suppose -4*s = 5*t - 2336, 0 = -m*s - 4 + 2. What are the prime factors of t?
2, 3, 13
Let w(x) be the second derivative of x**3/2 - 7*x**2/2 - 77*